{"id":8,"date":"2020-02-01T16:29:58","date_gmt":"2020-02-01T15:29:58","guid":{"rendered":"http:\/\/www.cool-project.cz\/?page_id=8"},"modified":"2020-02-03T11:46:15","modified_gmt":"2020-02-03T10:46:15","slug":"kontakt","status":"publish","type":"page","link":"https:\/\/www.cool-project.cz\/?page_id=8","title":{"rendered":"Kontakt"},"content":{"rendered":"\n<p>COOL-project<br>Projekce modern\u00edch pr\u016fmyslov\u00fdch chlad\u00edc\u00edch syst\u00e9m\u016f, jejich \u0159\u00edzen\u00ed, z\u00e1znam dat a vizualizace<\/p>\n\n\n\n<p>S Va\u0161imi dotazy se pros\u00edm obracejte na:<\/p>\n\n\n\n<p>Bc. Ji\u0159\u00ed Nepra\u0161<\/p>\n\n\n\n<p>projektant specialista<\/p>\n\n\n\n<p>COOL-PROJECT \/ Bc. Ji\u0159\u00ed Nepra\u0161<\/p>\n\n\n\n<p>I\u010c: 87486181<\/p>\n\n\n\n<p>DI\u010c: CZ7802030874<\/p>\n\n\n\n<p>Tel.:  +420 605 913 057<\/p>\n\n\n\n<p>Email: <a href=\"mailto:info@cool-project.cz\">info@cool-project.cz<\/a> <\/p>\n\n\n\n<p>www.cool-project.cz<\/p>\n","protected":false},"excerpt":{"rendered":"<p>COOL-projectProjekce modern\u00edch pr\u016fmyslov\u00fdch chlad\u00edc\u00edch syst\u00e9m\u016f, jejich \u0159\u00edzen\u00ed, z\u00e1znam dat a vizualizace S Va\u0161imi dotazy se pros\u00edm obracejte na: Bc. Ji\u0159\u00ed Nepra\u0161 projektant specialista COOL-PROJECT \/ Bc. Ji\u0159\u00ed Nepra\u0161 I\u010c: 87486181 DI\u010c: CZ7802030874 Tel.: +420 605 913 057 Email: info@cool-project.cz www.cool-project.cz<\/p>\n","protected":false},"author":1,"featured_media":0,"parent":0,"menu_order":0,"comment_status":"closed","ping_status":"closed","template":"","meta":[],"_links":{"self":[{"href":"https:\/\/www.cool-project.cz\/index.php?rest_route=\/wp\/v2\/pages\/8"}],"collection":[{"href":"https:\/\/www.cool-project.cz\/index.php?rest_route=\/wp\/v2\/pages"}],"about":[{"href":"https:\/\/www.cool-project.cz\/index.php?rest_route=\/wp\/v2\/types\/page"}],"author":[{"embeddable":true,"href":"https:\/\/www.cool-project.cz\/index.php?rest_route=\/wp\/v2\/users\/1"}],"replies":[{"embeddable":true,"href":"https:\/\/www.cool-project.cz\/index.php?rest_route=%2Fwp%2Fv2%2Fcomments&post=8"}],"version-history":[{"count":4,"href":"https:\/\/www.cool-project.cz\/index.php?rest_route=\/wp\/v2\/pages\/8\/revisions"}],"predecessor-version":[{"id":148,"href":"https:\/\/www.cool-project.cz\/index.php?rest_route=\/wp\/v2\/pages\/8\/revisions\/148"}],"wp:attachment":[{"href":"https:\/\/www.cool-project.cz\/index.php?rest_route=%2Fwp%2Fv2%2Fmedia&parent=8"}],"curies":[{"name":"wp","href":"https:\/\/api.w.org\/{rel}","templated":true}]}}