{"id":159,"date":"2020-02-03T11:55:17","date_gmt":"2020-02-03T10:55:17","guid":{"rendered":"http:\/\/www.cool-project.cz\/?page_id=159"},"modified":"2020-02-24T11:36:04","modified_gmt":"2020-02-24T10:36:04","slug":"automatizace","status":"publish","type":"page","link":"https:\/\/www.cool-project.cz\/?page_id=159","title":{"rendered":"Automatizace"},"content":{"rendered":"\n<p>Pro vlastn\u00ed aplikace stav\u00edme rozv\u00e1d\u011b\u010de , kde vyu\u017e\u00edv\u00e1me v\u00fdhradn\u011b programovateln\u00e9 automaty, kter\u00e9 n\u00e1m umo\u017e\u0148uj\u00ed pru\u017en\u011b \u0159e\u0161it problematiku \u0159\u00edzen\u00ed pro konkr\u00e9tn\u00ed aplikace. Prost\u0159ednictv\u00edm PLC firmy Emerson-Dixell, p\u0159\u00edpadn\u011b SIEMENS, dok\u00e1\u017eeme \u0159\u00eddit v\u0161echny elektrick\u00e9 prvky, m\u011b\u0159it ve\u0161ker\u00e9 pot\u0159ebn\u00e9 veli\u010diny, tak propojit i samostatn\u00e9 regul\u00e1tory komunikuj\u00edc\u00ed nap\u0159. prost\u0159ednictv\u00edm protokol\u016f modbus. Jako nad\u0159azen\u00fd syst\u00e9m vyu\u017e\u00edv\u00e1me HMI SCADA RELIANCE, kter\u00fd zajist\u00ed jak plnou vizualizaci a komplexn\u00ed \u0159\u00edzen\u00ed , tak i archivaci dat p\u0159\u00edpadn\u011b hl\u00e1\u0161en\u00ed \u010di zobrazen\u00ed graf\u016f.<\/p>\n\n\n\n<p>Ve\u0161ker\u00e1 v\u00fdroba elektrick\u00fdch rozv\u00e1d\u011b\u010d\u016f podl\u00e9h\u00e1 d\u016fsledn\u00e9 projekci elektro v syst\u00e9mu PC -SCHEMATIC, jeho\u017e v\u00fdstupem je dokument projektu elektro pro pot\u0159eby v\u00fdroby a \u00fadr\u017eby. <\/p>\n\n\n\n<ul class=\"is-layout-flex wp-block-gallery-1 wp-block-gallery columns-3 is-cropped\"><li class=\"blocks-gallery-item\"><figure><img decoding=\"async\" loading=\"lazy\" width=\"768\" height=\"1024\" src=\"http:\/\/www.cool-project.cz\/wp-content\/uploads\/2020\/02\/rozv1-768x1024.png\" alt=\"\" data-id=\"286\" data-link=\"http:\/\/www.cool-project.cz\/?attachment_id=286\" class=\"wp-image-286\" srcset=\"https:\/\/www.cool-project.cz\/wp-content\/uploads\/2020\/02\/rozv1-768x1024.png 768w, https:\/\/www.cool-project.cz\/wp-content\/uploads\/2020\/02\/rozv1-225x300.png 225w, https:\/\/www.cool-project.cz\/wp-content\/uploads\/2020\/02\/rozv1.png 1200w\" sizes=\"(max-width: 768px) 100vw, 768px\" \/><\/figure><\/li><li class=\"blocks-gallery-item\"><figure><img decoding=\"async\" loading=\"lazy\" width=\"837\" height=\"750\" src=\"http:\/\/www.cool-project.cz\/wp-content\/uploads\/2020\/02\/rozv3.png\" alt=\"\" data-id=\"285\" data-link=\"http:\/\/www.cool-project.cz\/?attachment_id=285\" class=\"wp-image-285\" srcset=\"https:\/\/www.cool-project.cz\/wp-content\/uploads\/2020\/02\/rozv3.png 837w, https:\/\/www.cool-project.cz\/wp-content\/uploads\/2020\/02\/rozv3-300x269.png 300w, https:\/\/www.cool-project.cz\/wp-content\/uploads\/2020\/02\/rozv3-768x688.png 768w\" sizes=\"(max-width: 837px) 100vw, 837px\" \/><\/figure><\/li><li class=\"blocks-gallery-item\"><figure><img decoding=\"async\" loading=\"lazy\" width=\"768\" height=\"1024\" src=\"http:\/\/www.cool-project.cz\/wp-content\/uploads\/2020\/02\/20171020_133803-e1580720914999-768x1024.jpg\" alt=\"Silov\u00fd a \u0159\u00edd\u00edc\u00ed rozv\u00e1d\u011b\u010d\" data-id=\"114\" data-link=\"http:\/\/www.cool-project.cz\/?attachment_id=114\" class=\"wp-image-114\" srcset=\"https:\/\/www.cool-project.cz\/wp-content\/uploads\/2020\/02\/20171020_133803-e1580720914999-768x1024.jpg 768w, https:\/\/www.cool-project.cz\/wp-content\/uploads\/2020\/02\/20171020_133803-e1580720914999-225x300.jpg 225w\" sizes=\"(max-width: 768px) 100vw, 768px\" \/><figcaption>Silov\u00fd a \u0159\u00edd\u00edc\u00ed rozv\u00e1d\u011b\u010d<\/figcaption><\/figure><\/li><li class=\"blocks-gallery-item\"><figure><img decoding=\"async\" loading=\"lazy\" width=\"768\" height=\"1024\" src=\"http:\/\/www.cool-project.cz\/wp-content\/uploads\/2020\/02\/20200121_131107-e1580574623631-768x1024.jpg\" alt=\"\" data-id=\"30\" data-link=\"http:\/\/www.cool-project.cz\/?attachment_id=30\" class=\"wp-image-30\" srcset=\"https:\/\/www.cool-project.cz\/wp-content\/uploads\/2020\/02\/20200121_131107-e1580574623631-768x1024.jpg 768w, https:\/\/www.cool-project.cz\/wp-content\/uploads\/2020\/02\/20200121_131107-e1580574623631-225x300.jpg 225w, https:\/\/www.cool-project.cz\/wp-content\/uploads\/2020\/02\/20200121_131107-e1580574623631.jpg 1944w\" sizes=\"(max-width: 768px) 100vw, 768px\" \/><\/figure><\/li><li class=\"blocks-gallery-item\"><figure><img decoding=\"async\" loading=\"lazy\" width=\"1024\" height=\"681\" src=\"http:\/\/www.cool-project.cz\/wp-content\/uploads\/2020\/02\/019-1024x681.jpg\" alt=\"\" data-id=\"180\" data-link=\"http:\/\/www.cool-project.cz\/?attachment_id=180\" class=\"wp-image-180\" srcset=\"https:\/\/www.cool-project.cz\/wp-content\/uploads\/2020\/02\/019-1024x681.jpg 1024w, https:\/\/www.cool-project.cz\/wp-content\/uploads\/2020\/02\/019-300x199.jpg 300w, https:\/\/www.cool-project.cz\/wp-content\/uploads\/2020\/02\/019-768x511.jpg 768w\" sizes=\"(max-width: 1024px) 100vw, 1024px\" \/><\/figure><\/li><li class=\"blocks-gallery-item\"><figure><img decoding=\"async\" loading=\"lazy\" width=\"681\" height=\"1024\" src=\"http:\/\/www.cool-project.cz\/wp-content\/uploads\/2020\/02\/017-681x1024.jpg\" alt=\"\" data-id=\"179\" data-link=\"http:\/\/www.cool-project.cz\/?attachment_id=179\" class=\"wp-image-179\" srcset=\"https:\/\/www.cool-project.cz\/wp-content\/uploads\/2020\/02\/017-681x1024.jpg 681w, https:\/\/www.cool-project.cz\/wp-content\/uploads\/2020\/02\/017-199x300.jpg 199w, https:\/\/www.cool-project.cz\/wp-content\/uploads\/2020\/02\/017-768x1155.jpg 768w\" sizes=\"(max-width: 681px) 100vw, 681px\" \/><\/figure><\/li><li class=\"blocks-gallery-item\"><figure><img decoding=\"async\" loading=\"lazy\" width=\"480\" height=\"640\" src=\"http:\/\/www.cool-project.cz\/wp-content\/uploads\/2020\/02\/2017-05-29-14.05.13-6-e1582105187662.jpg\" alt=\"HMI SCADA - centr\u00e1ln\u00ed rozv\u00e1d\u011b\u010d chlazen\u00ed 3x100kW\" data-id=\"237\" data-link=\"http:\/\/www.cool-project.cz\/?attachment_id=237\" class=\"wp-image-237\" srcset=\"https:\/\/www.cool-project.cz\/wp-content\/uploads\/2020\/02\/2017-05-29-14.05.13-6-e1582105187662.jpg 480w, https:\/\/www.cool-project.cz\/wp-content\/uploads\/2020\/02\/2017-05-29-14.05.13-6-e1582105187662-225x300.jpg 225w\" sizes=\"(max-width: 480px) 100vw, 480px\" \/><figcaption>HMI SCADA &#8211; centr\u00e1ln\u00ed rozv\u00e1d\u011b\u010d chlazen\u00ed 3x100kW<\/figcaption><\/figure><\/li><li class=\"blocks-gallery-item\"><figure><img decoding=\"async\" loading=\"lazy\" width=\"768\" height=\"1024\" src=\"http:\/\/www.cool-project.cz\/wp-content\/uploads\/2020\/02\/20170110_103201-e1582537745868-768x1024.jpg\" alt=\"HMI SCADA - \u0161oker\" data-id=\"273\" data-link=\"http:\/\/www.cool-project.cz\/?attachment_id=273\" class=\"wp-image-273\" srcset=\"https:\/\/www.cool-project.cz\/wp-content\/uploads\/2020\/02\/20170110_103201-e1582537745868-768x1024.jpg 768w, https:\/\/www.cool-project.cz\/wp-content\/uploads\/2020\/02\/20170110_103201-e1582537745868-225x300.jpg 225w\" sizes=\"(max-width: 768px) 100vw, 768px\" \/><figcaption>HMI SCADA &#8211; \u0161oker<\/figcaption><\/figure><\/li><li class=\"blocks-gallery-item\"><figure><img decoding=\"async\" loading=\"lazy\" width=\"725\" height=\"388\" src=\"http:\/\/www.cool-project.cz\/wp-content\/uploads\/2020\/02\/Web2.png\" alt=\"\" data-id=\"289\" data-link=\"http:\/\/www.cool-project.cz\/?attachment_id=289\" class=\"wp-image-289\" srcset=\"https:\/\/www.cool-project.cz\/wp-content\/uploads\/2020\/02\/Web2.png 725w, https:\/\/www.cool-project.cz\/wp-content\/uploads\/2020\/02\/Web2-300x161.png 300w\" sizes=\"(max-width: 725px) 100vw, 725px\" \/><\/figure><\/li><li class=\"blocks-gallery-item\"><figure><img decoding=\"async\" loading=\"lazy\" width=\"492\" height=\"309\" src=\"http:\/\/www.cool-project.cz\/wp-content\/uploads\/2020\/02\/web1.png\" alt=\"\" data-id=\"290\" data-link=\"http:\/\/www.cool-project.cz\/?attachment_id=290\" class=\"wp-image-290\" srcset=\"https:\/\/www.cool-project.cz\/wp-content\/uploads\/2020\/02\/web1.png 492w, https:\/\/www.cool-project.cz\/wp-content\/uploads\/2020\/02\/web1-300x188.png 300w\" sizes=\"(max-width: 492px) 100vw, 492px\" \/><\/figure><\/li><li class=\"blocks-gallery-item\"><figure><img decoding=\"async\" loading=\"lazy\" width=\"725\" height=\"388\" src=\"http:\/\/www.cool-project.cz\/wp-content\/uploads\/2020\/02\/Web2-1.png\" alt=\"\" data-id=\"291\" data-link=\"http:\/\/www.cool-project.cz\/?attachment_id=291\" class=\"wp-image-291\" srcset=\"https:\/\/www.cool-project.cz\/wp-content\/uploads\/2020\/02\/Web2-1.png 725w, https:\/\/www.cool-project.cz\/wp-content\/uploads\/2020\/02\/Web2-1-300x161.png 300w\" sizes=\"(max-width: 725px) 100vw, 725px\" \/><\/figure><\/li><li class=\"blocks-gallery-item\"><figure><img decoding=\"async\" loading=\"lazy\" width=\"413\" height=\"337\" src=\"http:\/\/www.cool-project.cz\/wp-content\/uploads\/2020\/02\/web3.png\" alt=\"\" data-id=\"292\" data-link=\"http:\/\/www.cool-project.cz\/?attachment_id=292\" class=\"wp-image-292\" srcset=\"https:\/\/www.cool-project.cz\/wp-content\/uploads\/2020\/02\/web3.png 413w, https:\/\/www.cool-project.cz\/wp-content\/uploads\/2020\/02\/web3-300x245.png 300w\" sizes=\"(max-width: 413px) 100vw, 413px\" \/><\/figure><\/li><li class=\"blocks-gallery-item\"><figure><img decoding=\"async\" loading=\"lazy\" width=\"300\" height=\"209\" src=\"http:\/\/www.cool-project.cz\/wp-content\/uploads\/2020\/02\/VGIPG_medium.png\" alt=\"\" data-id=\"296\" data-link=\"http:\/\/www.cool-project.cz\/?attachment_id=296\" class=\"wp-image-296\"\/><\/figure><\/li><li class=\"blocks-gallery-item\"><figure><img decoding=\"async\" loading=\"lazy\" width=\"1024\" height=\"576\" src=\"http:\/\/www.cool-project.cz\/wp-content\/uploads\/2020\/02\/HMI-SCADA-BOX-1-1024x576.png\" alt=\"\" data-id=\"297\" data-link=\"http:\/\/www.cool-project.cz\/?attachment_id=297\" class=\"wp-image-297\" srcset=\"https:\/\/www.cool-project.cz\/wp-content\/uploads\/2020\/02\/HMI-SCADA-BOX-1-1024x576.png 1024w, https:\/\/www.cool-project.cz\/wp-content\/uploads\/2020\/02\/HMI-SCADA-BOX-1-300x169.png 300w, https:\/\/www.cool-project.cz\/wp-content\/uploads\/2020\/02\/HMI-SCADA-BOX-1-768x432.png 768w, https:\/\/www.cool-project.cz\/wp-content\/uploads\/2020\/02\/HMI-SCADA-BOX-1.png 1366w\" sizes=\"(max-width: 1024px) 100vw, 1024px\" \/><\/figure><\/li><li class=\"blocks-gallery-item\"><figure><img decoding=\"async\" loading=\"lazy\" width=\"1024\" height=\"576\" src=\"http:\/\/www.cool-project.cz\/wp-content\/uploads\/2020\/02\/HMI-SCADA-Box-2-1024x576.png\" alt=\"\" data-id=\"298\" data-link=\"http:\/\/www.cool-project.cz\/?attachment_id=298\" class=\"wp-image-298\" srcset=\"https:\/\/www.cool-project.cz\/wp-content\/uploads\/2020\/02\/HMI-SCADA-Box-2-1024x576.png 1024w, https:\/\/www.cool-project.cz\/wp-content\/uploads\/2020\/02\/HMI-SCADA-Box-2-300x169.png 300w, https:\/\/www.cool-project.cz\/wp-content\/uploads\/2020\/02\/HMI-SCADA-Box-2-768x432.png 768w, https:\/\/www.cool-project.cz\/wp-content\/uploads\/2020\/02\/HMI-SCADA-Box-2.png 1366w\" sizes=\"(max-width: 1024px) 100vw, 1024px\" \/><\/figure><\/li><li class=\"blocks-gallery-item\"><figure><img decoding=\"async\" loading=\"lazy\" width=\"1024\" height=\"576\" src=\"http:\/\/www.cool-project.cz\/wp-content\/uploads\/2020\/02\/HMI-SCADA-Box-3-1024x576.png\" alt=\"\" data-id=\"299\" data-link=\"http:\/\/www.cool-project.cz\/?attachment_id=299\" class=\"wp-image-299\" srcset=\"https:\/\/www.cool-project.cz\/wp-content\/uploads\/2020\/02\/HMI-SCADA-Box-3-1024x576.png 1024w, https:\/\/www.cool-project.cz\/wp-content\/uploads\/2020\/02\/HMI-SCADA-Box-3-300x169.png 300w, https:\/\/www.cool-project.cz\/wp-content\/uploads\/2020\/02\/HMI-SCADA-Box-3-768x432.png 768w, https:\/\/www.cool-project.cz\/wp-content\/uploads\/2020\/02\/HMI-SCADA-Box-3.png 1366w\" sizes=\"(max-width: 1024px) 100vw, 1024px\" \/><\/figure><\/li><li class=\"blocks-gallery-item\"><figure><img decoding=\"async\" loading=\"lazy\" width=\"1024\" height=\"576\" src=\"http:\/\/www.cool-project.cz\/wp-content\/uploads\/2020\/02\/HMI-SCADA-Box-4-1024x576.png\" alt=\"\" data-id=\"300\" data-link=\"http:\/\/www.cool-project.cz\/?attachment_id=300\" class=\"wp-image-300\" srcset=\"https:\/\/www.cool-project.cz\/wp-content\/uploads\/2020\/02\/HMI-SCADA-Box-4-1024x576.png 1024w, https:\/\/www.cool-project.cz\/wp-content\/uploads\/2020\/02\/HMI-SCADA-Box-4-300x169.png 300w, https:\/\/www.cool-project.cz\/wp-content\/uploads\/2020\/02\/HMI-SCADA-Box-4-768x432.png 768w, https:\/\/www.cool-project.cz\/wp-content\/uploads\/2020\/02\/HMI-SCADA-Box-4.png 1366w\" sizes=\"(max-width: 1024px) 100vw, 1024px\" \/><\/figure><\/li><li class=\"blocks-gallery-item\"><figure><img decoding=\"async\" loading=\"lazy\" width=\"1024\" height=\"576\" src=\"http:\/\/www.cool-project.cz\/wp-content\/uploads\/2020\/02\/HMI-SCADA-Box-5-1024x576.png\" alt=\"\" data-id=\"301\" data-link=\"http:\/\/www.cool-project.cz\/?attachment_id=301\" class=\"wp-image-301\" srcset=\"https:\/\/www.cool-project.cz\/wp-content\/uploads\/2020\/02\/HMI-SCADA-Box-5-1024x576.png 1024w, https:\/\/www.cool-project.cz\/wp-content\/uploads\/2020\/02\/HMI-SCADA-Box-5-300x169.png 300w, https:\/\/www.cool-project.cz\/wp-content\/uploads\/2020\/02\/HMI-SCADA-Box-5-768x432.png 768w, https:\/\/www.cool-project.cz\/wp-content\/uploads\/2020\/02\/HMI-SCADA-Box-5.png 1366w\" sizes=\"(max-width: 1024px) 100vw, 1024px\" \/><\/figure><\/li><li class=\"blocks-gallery-item\"><figure><img decoding=\"async\" loading=\"lazy\" width=\"1024\" height=\"576\" src=\"http:\/\/www.cool-project.cz\/wp-content\/uploads\/2020\/02\/HMI-SCADA-Rittal-1-1024x576.png\" alt=\"\" data-id=\"302\" data-link=\"http:\/\/www.cool-project.cz\/?attachment_id=302\" class=\"wp-image-302\" srcset=\"https:\/\/www.cool-project.cz\/wp-content\/uploads\/2020\/02\/HMI-SCADA-Rittal-1-1024x576.png 1024w, https:\/\/www.cool-project.cz\/wp-content\/uploads\/2020\/02\/HMI-SCADA-Rittal-1-300x169.png 300w, https:\/\/www.cool-project.cz\/wp-content\/uploads\/2020\/02\/HMI-SCADA-Rittal-1-768x432.png 768w, https:\/\/www.cool-project.cz\/wp-content\/uploads\/2020\/02\/HMI-SCADA-Rittal-1.png 1920w\" sizes=\"(max-width: 1024px) 100vw, 1024px\" \/><\/figure><\/li><li class=\"blocks-gallery-item\"><figure><img decoding=\"async\" loading=\"lazy\" width=\"1024\" height=\"576\" src=\"http:\/\/www.cool-project.cz\/wp-content\/uploads\/2020\/02\/HMI-SCADA-Rittal-2-1024x576.png\" alt=\"\" data-id=\"303\" data-link=\"http:\/\/www.cool-project.cz\/?attachment_id=303\" class=\"wp-image-303\" srcset=\"https:\/\/www.cool-project.cz\/wp-content\/uploads\/2020\/02\/HMI-SCADA-Rittal-2-1024x576.png 1024w, https:\/\/www.cool-project.cz\/wp-content\/uploads\/2020\/02\/HMI-SCADA-Rittal-2-300x169.png 300w, https:\/\/www.cool-project.cz\/wp-content\/uploads\/2020\/02\/HMI-SCADA-Rittal-2-768x432.png 768w, https:\/\/www.cool-project.cz\/wp-content\/uploads\/2020\/02\/HMI-SCADA-Rittal-2.png 1920w\" sizes=\"(max-width: 1024px) 100vw, 1024px\" \/><\/figure><\/li><li class=\"blocks-gallery-item\"><figure><img decoding=\"async\" loading=\"lazy\" width=\"1024\" height=\"576\" src=\"http:\/\/www.cool-project.cz\/wp-content\/uploads\/2020\/02\/HMI-SCADA-Rittal-3-1024x576.png\" alt=\"\" data-id=\"304\" data-link=\"http:\/\/www.cool-project.cz\/?attachment_id=304\" class=\"wp-image-304\" srcset=\"https:\/\/www.cool-project.cz\/wp-content\/uploads\/2020\/02\/HMI-SCADA-Rittal-3-1024x576.png 1024w, https:\/\/www.cool-project.cz\/wp-content\/uploads\/2020\/02\/HMI-SCADA-Rittal-3-300x169.png 300w, https:\/\/www.cool-project.cz\/wp-content\/uploads\/2020\/02\/HMI-SCADA-Rittal-3-768x432.png 768w, https:\/\/www.cool-project.cz\/wp-content\/uploads\/2020\/02\/HMI-SCADA-Rittal-3.png 1920w\" sizes=\"(max-width: 1024px) 100vw, 1024px\" \/><\/figure><\/li><li class=\"blocks-gallery-item\"><figure><img decoding=\"async\" loading=\"lazy\" width=\"1024\" height=\"576\" src=\"http:\/\/www.cool-project.cz\/wp-content\/uploads\/2020\/02\/HMI-SCADA-Rittal-4-1024x576.png\" alt=\"\" data-id=\"305\" data-link=\"http:\/\/www.cool-project.cz\/?attachment_id=305\" class=\"wp-image-305\" srcset=\"https:\/\/www.cool-project.cz\/wp-content\/uploads\/2020\/02\/HMI-SCADA-Rittal-4-1024x576.png 1024w, https:\/\/www.cool-project.cz\/wp-content\/uploads\/2020\/02\/HMI-SCADA-Rittal-4-300x169.png 300w, https:\/\/www.cool-project.cz\/wp-content\/uploads\/2020\/02\/HMI-SCADA-Rittal-4-768x432.png 768w, https:\/\/www.cool-project.cz\/wp-content\/uploads\/2020\/02\/HMI-SCADA-Rittal-4.png 1920w\" sizes=\"(max-width: 1024px) 100vw, 1024px\" \/><\/figure><\/li><li class=\"blocks-gallery-item\"><figure><img decoding=\"async\" loading=\"lazy\" width=\"1024\" height=\"721\" src=\"http:\/\/www.cool-project.cz\/wp-content\/uploads\/2020\/02\/V\u00fdst\u0159i\u017eek-1024x721.png\" alt=\"\" data-id=\"306\" data-link=\"http:\/\/www.cool-project.cz\/?attachment_id=306\" class=\"wp-image-306\" srcset=\"https:\/\/www.cool-project.cz\/wp-content\/uploads\/2020\/02\/V\u00fdst\u0159i\u017eek-1024x721.png 1024w, https:\/\/www.cool-project.cz\/wp-content\/uploads\/2020\/02\/V\u00fdst\u0159i\u017eek-300x211.png 300w, https:\/\/www.cool-project.cz\/wp-content\/uploads\/2020\/02\/V\u00fdst\u0159i\u017eek-768x541.png 768w, https:\/\/www.cool-project.cz\/wp-content\/uploads\/2020\/02\/V\u00fdst\u0159i\u017eek.png 1266w\" sizes=\"(max-width: 1024px) 100vw, 1024px\" \/><\/figure><\/li><li class=\"blocks-gallery-item\"><figure><img decoding=\"async\" loading=\"lazy\" width=\"1024\" height=\"706\" src=\"http:\/\/www.cool-project.cz\/wp-content\/uploads\/2020\/02\/V\u00fdst\u0159i\u017eek1-1024x706.png\" alt=\"\" data-id=\"307\" data-link=\"http:\/\/www.cool-project.cz\/?attachment_id=307\" class=\"wp-image-307\" srcset=\"https:\/\/www.cool-project.cz\/wp-content\/uploads\/2020\/02\/V\u00fdst\u0159i\u017eek1-1024x706.png 1024w, https:\/\/www.cool-project.cz\/wp-content\/uploads\/2020\/02\/V\u00fdst\u0159i\u017eek1-300x207.png 300w, https:\/\/www.cool-project.cz\/wp-content\/uploads\/2020\/02\/V\u00fdst\u0159i\u017eek1-768x530.png 768w, https:\/\/www.cool-project.cz\/wp-content\/uploads\/2020\/02\/V\u00fdst\u0159i\u017eek1.png 1267w\" sizes=\"(max-width: 1024px) 100vw, 1024px\" \/><\/figure><\/li><li class=\"blocks-gallery-item\"><figure><img decoding=\"async\" loading=\"lazy\" width=\"1024\" height=\"721\" src=\"http:\/\/www.cool-project.cz\/wp-content\/uploads\/2020\/02\/V\u00fdst\u0159i\u017eek7-1024x721.png\" alt=\"\" data-id=\"308\" data-link=\"http:\/\/www.cool-project.cz\/?attachment_id=308\" class=\"wp-image-308\" srcset=\"https:\/\/www.cool-project.cz\/wp-content\/uploads\/2020\/02\/V\u00fdst\u0159i\u017eek7-1024x721.png 1024w, https:\/\/www.cool-project.cz\/wp-content\/uploads\/2020\/02\/V\u00fdst\u0159i\u017eek7-300x211.png 300w, https:\/\/www.cool-project.cz\/wp-content\/uploads\/2020\/02\/V\u00fdst\u0159i\u017eek7-768x541.png 768w, https:\/\/www.cool-project.cz\/wp-content\/uploads\/2020\/02\/V\u00fdst\u0159i\u017eek7.png 1266w\" sizes=\"(max-width: 1024px) 100vw, 1024px\" \/><\/figure><\/li><li class=\"blocks-gallery-item\"><figure><img decoding=\"async\" loading=\"lazy\" width=\"1024\" height=\"718\" src=\"http:\/\/www.cool-project.cz\/wp-content\/uploads\/2020\/02\/V\u00fdst\u0159i\u017eek8-1024x718.png\" alt=\"\" data-id=\"309\" data-link=\"http:\/\/www.cool-project.cz\/?attachment_id=309\" class=\"wp-image-309\" srcset=\"https:\/\/www.cool-project.cz\/wp-content\/uploads\/2020\/02\/V\u00fdst\u0159i\u017eek8-1024x718.png 1024w, https:\/\/www.cool-project.cz\/wp-content\/uploads\/2020\/02\/V\u00fdst\u0159i\u017eek8-300x210.png 300w, https:\/\/www.cool-project.cz\/wp-content\/uploads\/2020\/02\/V\u00fdst\u0159i\u017eek8-768x539.png 768w, https:\/\/www.cool-project.cz\/wp-content\/uploads\/2020\/02\/V\u00fdst\u0159i\u017eek8.png 1269w\" sizes=\"(max-width: 1024px) 100vw, 1024px\" \/><\/figure><\/li><li class=\"blocks-gallery-item\"><figure><img decoding=\"async\" loading=\"lazy\" width=\"1024\" height=\"718\" src=\"http:\/\/www.cool-project.cz\/wp-content\/uploads\/2020\/02\/V\u00fdst\u0159i\u017eek10-1024x718.png\" alt=\"\" data-id=\"310\" data-link=\"http:\/\/www.cool-project.cz\/?attachment_id=310\" class=\"wp-image-310\" srcset=\"https:\/\/www.cool-project.cz\/wp-content\/uploads\/2020\/02\/V\u00fdst\u0159i\u017eek10-1024x718.png 1024w, https:\/\/www.cool-project.cz\/wp-content\/uploads\/2020\/02\/V\u00fdst\u0159i\u017eek10-300x210.png 300w, https:\/\/www.cool-project.cz\/wp-content\/uploads\/2020\/02\/V\u00fdst\u0159i\u017eek10-768x539.png 768w, https:\/\/www.cool-project.cz\/wp-content\/uploads\/2020\/02\/V\u00fdst\u0159i\u017eek10.png 1269w\" sizes=\"(max-width: 1024px) 100vw, 1024px\" \/><\/figure><\/li><li class=\"blocks-gallery-item\"><figure><img decoding=\"async\" loading=\"lazy\" width=\"1024\" height=\"716\" src=\"http:\/\/www.cool-project.cz\/wp-content\/uploads\/2020\/02\/V\u00fdst\u0159i\u017eek11-1024x716.png\" alt=\"\" data-id=\"311\" data-link=\"http:\/\/www.cool-project.cz\/?attachment_id=311\" class=\"wp-image-311\" srcset=\"https:\/\/www.cool-project.cz\/wp-content\/uploads\/2020\/02\/V\u00fdst\u0159i\u017eek11-1024x716.png 1024w, https:\/\/www.cool-project.cz\/wp-content\/uploads\/2020\/02\/V\u00fdst\u0159i\u017eek11-300x210.png 300w, https:\/\/www.cool-project.cz\/wp-content\/uploads\/2020\/02\/V\u00fdst\u0159i\u017eek11-768x537.png 768w, https:\/\/www.cool-project.cz\/wp-content\/uploads\/2020\/02\/V\u00fdst\u0159i\u017eek11.png 1271w\" sizes=\"(max-width: 1024px) 100vw, 1024px\" \/><\/figure><\/li><li class=\"blocks-gallery-item\"><figure><img decoding=\"async\" loading=\"lazy\" width=\"1024\" height=\"718\" src=\"http:\/\/www.cool-project.cz\/wp-content\/uploads\/2020\/02\/V\u00fdst\u0159i\u017eek13-1024x718.png\" alt=\"\" data-id=\"312\" data-link=\"http:\/\/www.cool-project.cz\/?attachment_id=312\" class=\"wp-image-312\" srcset=\"https:\/\/www.cool-project.cz\/wp-content\/uploads\/2020\/02\/V\u00fdst\u0159i\u017eek13-1024x718.png 1024w, https:\/\/www.cool-project.cz\/wp-content\/uploads\/2020\/02\/V\u00fdst\u0159i\u017eek13-300x210.png 300w, https:\/\/www.cool-project.cz\/wp-content\/uploads\/2020\/02\/V\u00fdst\u0159i\u017eek13-768x539.png 768w, https:\/\/www.cool-project.cz\/wp-content\/uploads\/2020\/02\/V\u00fdst\u0159i\u017eek13.png 1270w\" sizes=\"(max-width: 1024px) 100vw, 1024px\" \/><\/figure><\/li><\/ul>\n","protected":false},"excerpt":{"rendered":"<p>Pro vlastn\u00ed aplikace stav\u00edme rozv\u00e1d\u011b\u010de , kde vyu\u017e\u00edv\u00e1me v\u00fdhradn\u011b programovateln\u00e9 automaty, kter\u00e9 n\u00e1m umo\u017e\u0148uj\u00ed pru\u017en\u011b \u0159e\u0161it problematiku \u0159\u00edzen\u00ed pro konkr\u00e9tn\u00ed aplikace. Prost\u0159ednictv\u00edm PLC firmy Emerson-Dixell, p\u0159\u00edpadn\u011b SIEMENS, dok\u00e1\u017eeme \u0159\u00eddit v\u0161echny elektrick\u00e9 prvky, m\u011b\u0159it ve\u0161ker\u00e9 pot\u0159ebn\u00e9 veli\u010diny, tak propojit i samostatn\u00e9 regul\u00e1tory komunikuj\u00edc\u00ed nap\u0159. prost\u0159ednictv\u00edm protokol\u016f modbus. Jako nad\u0159azen\u00fd syst\u00e9m vyu\u017e\u00edv\u00e1me HMI SCADA RELIANCE, kter\u00fd zajist\u00ed [&hellip;]<\/p>\n","protected":false},"author":1,"featured_media":0,"parent":0,"menu_order":0,"comment_status":"closed","ping_status":"closed","template":"","meta":[],"_links":{"self":[{"href":"https:\/\/www.cool-project.cz\/index.php?rest_route=\/wp\/v2\/pages\/159"}],"collection":[{"href":"https:\/\/www.cool-project.cz\/index.php?rest_route=\/wp\/v2\/pages"}],"about":[{"href":"https:\/\/www.cool-project.cz\/index.php?rest_route=\/wp\/v2\/types\/page"}],"author":[{"embeddable":true,"href":"https:\/\/www.cool-project.cz\/index.php?rest_route=\/wp\/v2\/users\/1"}],"replies":[{"embeddable":true,"href":"https:\/\/www.cool-project.cz\/index.php?rest_route=%2Fwp%2Fv2%2Fcomments&post=159"}],"version-history":[{"count":4,"href":"https:\/\/www.cool-project.cz\/index.php?rest_route=\/wp\/v2\/pages\/159\/revisions"}],"predecessor-version":[{"id":317,"href":"https:\/\/www.cool-project.cz\/index.php?rest_route=\/wp\/v2\/pages\/159\/revisions\/317"}],"wp:attachment":[{"href":"https:\/\/www.cool-project.cz\/index.php?rest_route=%2Fwp%2Fv2%2Fmedia&parent=159"}],"curies":[{"name":"wp","href":"https:\/\/api.w.org\/{rel}","templated":true}]}}